{"id":413,"date":"2025-10-04T20:14:13","date_gmt":"2025-10-05T02:14:13","guid":{"rendered":"https:\/\/organizacionsycoma.org\/?page_id=413"},"modified":"2025-10-04T20:19:24","modified_gmt":"2025-10-05T02:19:24","slug":"vireo-gris-migrante-americano","status":"publish","type":"page","link":"https:\/\/organizacionsycoma.org\/?page_id=413","title":{"rendered":"Vireo gris, migrante americano"},"content":{"rendered":"\n<figure class=\"wp-block-image size-large\"><img loading=\"lazy\" decoding=\"async\" width=\"1024\" height=\"791\" src=\"https:\/\/organizacionsycoma.org\/wp-content\/uploads\/2025\/10\/VIREO-GRIS-20-1024x791.jpg\" alt=\"\" class=\"wp-image-414\" srcset=\"https:\/\/organizacionsycoma.org\/wp-content\/uploads\/2025\/10\/VIREO-GRIS-20-1024x791.jpg 1024w, https:\/\/organizacionsycoma.org\/wp-content\/uploads\/2025\/10\/VIREO-GRIS-20-300x232.jpg 300w, https:\/\/organizacionsycoma.org\/wp-content\/uploads\/2025\/10\/VIREO-GRIS-20-768x593.jpg 768w, https:\/\/organizacionsycoma.org\/wp-content\/uploads\/2025\/10\/VIREO-GRIS-20-1536x1187.jpg 1536w, https:\/\/organizacionsycoma.org\/wp-content\/uploads\/2025\/10\/VIREO-GRIS-20-1140x881.jpg 1140w, https:\/\/organizacionsycoma.org\/wp-content\/uploads\/2025\/10\/VIREO-GRIS-20.jpg 2000w\" sizes=\"auto, (max-width: 1024px) 100vw, 1024px\" \/><\/figure>\n\n\n\n<p>El <strong>vireo gris, <em>Vireo vicinior<\/em><\/strong>, es un ave paseriforme, de peque\u00f1o tama\u00f1o, <strong>nativo de Am\u00e9rica del Norte<\/strong>. Anida en el suroeste de los Estados Unidos en \u00e1reas separadas a modo de islas; se sabe que fuera de la \u00e9poca de reproducci\u00f3n migra de unas zonas a otras durante el a\u00f1o, aunque se desconocen los flujos de estas migraciones.<\/p>\n\n\n\n<p><strong>Actualmente una de las tareas de la Organizaci\u00f3n SyCOMA en colaboraci\u00f3n con el Gobierno del Estado de Arizona es precisamente tratar de averiguar por monitoreo e identificaci\u00f3n gen\u00e9tica de ejemplares en Baja California Sur y Norte de M\u00e9xico<\/strong> si podemos establecer relaciones entre las poblaciones del Sur de los Estados Unidos y las que nos visitan en temporada no reproductiva.<\/p>\n\n\n\n<p>Habita zonas de matorrales semi\u00e1ridos tropicales y subtropicales. Es posible localizarlos en \u00e1reas donde abunda el torote, <em>Bursera microphylla<\/em>, pues se alimentan de las bayas de este \u00e1rbol.<\/p>\n","protected":false},"excerpt":{"rendered":"<p>El vireo gris, Vireo vicinior, es un ave paseriforme, de peque\u00f1o tama\u00f1o, nativo de Am\u00e9rica del Norte. Anida en el suroeste de los Estados Unidos en \u00e1reas separadas a modo de islas; se sabe que fuera de la \u00e9poca de reproducci\u00f3n migra de unas zonas a otras durante el a\u00f1o, aunque se desconocen los flujos de estas migraciones. Actualmente una de las tareas de la Organizaci\u00f3n SyCOMA en colaboraci\u00f3n con el Gobierno del Estado de Arizona es precisamente tratar de averiguar por monitoreo e identificaci\u00f3n gen\u00e9tica de ejemplares en Baja California Sur y Norte de M\u00e9xico si podemos establecer relaciones entre las poblaciones del Sur de los Estados Unidos y las que nos visitan en temporada no reproductiva. Habita zonas de matorrales semi\u00e1ridos tropicales y subtropicales. Es posible localizarlos en \u00e1reas donde abunda el torote, Bursera microphylla, pues se alimentan de las bayas de este \u00e1rbol.<\/p>\n","protected":false},"author":2,"featured_media":0,"parent":0,"menu_order":0,"comment_status":"closed","ping_status":"closed","template":"","meta":{"footnotes":""},"class_list":["post-413","page","type-page","status-publish","hentry"],"jetpack_sharing_enabled":true,"_links":{"self":[{"href":"https:\/\/organizacionsycoma.org\/index.php?rest_route=\/wp\/v2\/pages\/413","targetHints":{"allow":["GET"]}}],"collection":[{"href":"https:\/\/organizacionsycoma.org\/index.php?rest_route=\/wp\/v2\/pages"}],"about":[{"href":"https:\/\/organizacionsycoma.org\/index.php?rest_route=\/wp\/v2\/types\/page"}],"author":[{"embeddable":true,"href":"https:\/\/organizacionsycoma.org\/index.php?rest_route=\/wp\/v2\/users\/2"}],"replies":[{"embeddable":true,"href":"https:\/\/organizacionsycoma.org\/index.php?rest_route=%2Fwp%2Fv2%2Fcomments&post=413"}],"version-history":[{"count":4,"href":"https:\/\/organizacionsycoma.org\/index.php?rest_route=\/wp\/v2\/pages\/413\/revisions"}],"predecessor-version":[{"id":419,"href":"https:\/\/organizacionsycoma.org\/index.php?rest_route=\/wp\/v2\/pages\/413\/revisions\/419"}],"wp:attachment":[{"href":"https:\/\/organizacionsycoma.org\/index.php?rest_route=%2Fwp%2Fv2%2Fmedia&parent=413"}],"curies":[{"name":"wp","href":"https:\/\/api.w.org\/{rel}","templated":true}]}}