{"id":242,"date":"2025-06-06T08:43:38","date_gmt":"2025-06-06T14:43:38","guid":{"rendered":"https:\/\/organizacionsycoma.org\/?page_id=242"},"modified":"2025-06-06T12:47:25","modified_gmt":"2025-06-06T18:47:25","slug":"el-gallito-marino","status":"publish","type":"page","link":"https:\/\/organizacionsycoma.org\/?page_id=242","title":{"rendered":"El gallito marino"},"content":{"rendered":"\n<figure class=\"wp-block-image size-large\"><img loading=\"lazy\" decoding=\"async\" width=\"1024\" height=\"413\" src=\"https:\/\/organizacionsycoma.org\/wp-content\/uploads\/2025\/06\/BCS24045-min-1024x413.jpg\" alt=\"sycoma_charran\" class=\"wp-image-243\" srcset=\"https:\/\/organizacionsycoma.org\/wp-content\/uploads\/2025\/06\/BCS24045-min-1024x413.jpg 1024w, https:\/\/organizacionsycoma.org\/wp-content\/uploads\/2025\/06\/BCS24045-min-300x121.jpg 300w, https:\/\/organizacionsycoma.org\/wp-content\/uploads\/2025\/06\/BCS24045-min-768x310.jpg 768w, https:\/\/organizacionsycoma.org\/wp-content\/uploads\/2025\/06\/BCS24045-min-1536x619.jpg 1536w, https:\/\/organizacionsycoma.org\/wp-content\/uploads\/2025\/06\/BCS24045-min-1140x459.jpg 1140w, https:\/\/organizacionsycoma.org\/wp-content\/uploads\/2025\/06\/BCS24045-min.jpg 2000w\" sizes=\"auto, (max-width: 1024px) 100vw, 1024px\" \/><\/figure>\n\n\n\n<p><strong><mark style=\"background-color:rgba(0, 0, 0, 0)\" class=\"has-inline-color has-black-color\">Gallito marino, charr\u00e1n m\u00ednimo, least tern, <em>Sternula antillarum<\/em><\/mark><\/strong>.<\/p>\n\n\n\n<p>Ave marina de peque\u00f1o tama\u00f1o, de hecho la menor del g\u00e9nero de los charranes, Sternula. Se trata de un <strong>ave migratoria<\/strong> que cr\u00eda en Am\u00e9rica del Norte y Norte de M\u00e9xico para trasladarse luego a Am\u00e9rica Central y mitad norte de Am\u00e9rica del Sur.<\/p>\n\n\n\n<p>Este ave <strong>anida en las playas arenosas<\/strong>, por lo que se ve <strong>muy afectada por la presencia humana en las mismas por encontrarse estas cerca de poblaciones o por su uso tur\u00edstico<\/strong>. No hacen nidos como tal, sino que ponen sus huevos y los incuban en la arena, formando colonias que pueden ser desde 20 parejas hasta 500. El periodo de incubaci\u00f3n es de unos 20 d\u00edas, y la especie es nid\u00edfuga; es decir, las cr\u00edas abandonan el nido en este caso un par de d\u00edas tras nacer. Los padres siguen atentos a ellas y las alimentar\u00e1n, y ense\u00f1ar\u00e1n a volar, y a pescar durante unos 25 d\u00edas m\u00e1s hasta que abandonen el \u00e1rea para ir al mar.<\/p>\n\n\n\n<p>La especie se encuentra clasificada globalmente (UICN) como de preocupaci\u00f3n menor, es decir sin ning\u00fan grado de amenaza a su conservaci\u00f3n. Sin embargo y a modo local, <strong>en M\u00e9xico, se encuentra clasificada como especie protegida<\/strong> por la NOM-059-SEMARNAT 2010.<\/p>\n\n\n\n<figure class=\"wp-block-image size-large\"><img loading=\"lazy\" decoding=\"async\" width=\"1024\" height=\"625\" src=\"https:\/\/organizacionsycoma.org\/wp-content\/uploads\/2025\/06\/SYCOMA-gallito-ficha-1024x625.jpg\" alt=\"sycoma-gallito-ficha\" class=\"wp-image-244\" srcset=\"https:\/\/organizacionsycoma.org\/wp-content\/uploads\/2025\/06\/SYCOMA-gallito-ficha-1024x625.jpg 1024w, https:\/\/organizacionsycoma.org\/wp-content\/uploads\/2025\/06\/SYCOMA-gallito-ficha-300x183.jpg 300w, https:\/\/organizacionsycoma.org\/wp-content\/uploads\/2025\/06\/SYCOMA-gallito-ficha-768x468.jpg 768w, https:\/\/organizacionsycoma.org\/wp-content\/uploads\/2025\/06\/SYCOMA-gallito-ficha-1140x695.jpg 1140w, https:\/\/organizacionsycoma.org\/wp-content\/uploads\/2025\/06\/SYCOMA-gallito-ficha.jpg 1400w\" sizes=\"auto, (max-width: 1024px) 100vw, 1024px\" \/><figcaption class=\"wp-element-caption\">\u00a9Ignacio Leal Orozco, all rights reserved<\/figcaption><\/figure>\n\n\n\n<p>Es una especie <strong>muy sensible a la presencia humana<\/strong>, pues su comportamiento de defensa del nido consiste en levantar el vuelo dejando los huevos sin protecci\u00f3n con el fin de \u00abatacar\u00bb y sobrevolar al animal o persona que haya penetrado en el \u00e1rea ocupada por la colonia, hasta conseguir ahuyentarle. Sus ataques consisten en vuelos continuos muy cerca del intruso vociferando y defecando sobre \u00e9l. Este comportamiento es grupal o solidario, de modo que el intruso se ver\u00e1 atacado por varios adultos de la zona al tiempo. El problema con las personas es que si estas accedieron a la zona y no reconocen este comportamiento, no saldr\u00e1n de ella y con el tiempo los huevos sin vigilancia y protecci\u00f3n pueden verse afectados por la insolaci\u00f3n y\/o el ataque de otros depredadores. Por otra parte si las aves se ven amenazadas por largo tiempo o en repetidas ocasiones, pueden abandonar la zona y con ello los huevos que hubiesen puesto ya.<\/p>\n\n\n\n<p><strong>Por eso es importante que los visitantes de estas playas en las que anidan esta y otras especies similares, conozcan estos comportamientos y situaciones y podamos evitar que toda una temporada de anidaci\u00f3n local se arruine, con el peligro que esto conlleva para la conservaci\u00f3n de la especie.<\/strong><\/p>\n\n\n\n<p>Nuestro trabajo con esta especie consiste en (trabajando siempre en sinton\u00eda con las autoridades locales y con las autorizaciones previas necesarias) <strong>la divulgaci\u00f3n<\/strong> a la poblaci\u00f3n local durante todo el a\u00f1o, y una vez que comienza la temporada de anidaci\u00f3n, el reconocimiento de las zonas que van eligiendo para anidar, la <strong>delimitaci\u00f3n y marcado de estas zonas<\/strong> para su protecci\u00f3n, y el <strong>monitoreo<\/strong> de los adultos, nidos, cr\u00edas, (incluyendo la <strong>identificaci\u00f3n y anillado de ejemplares<\/strong>) y el seguimiento de todo el proceso hasta que los individuos han crecido lo suficiente y finalmente marchan hasta la siguiente temporada.<\/p>\n\n\n\n<p><\/p>\n","protected":false},"excerpt":{"rendered":"<p>Gallito marino, charr\u00e1n m\u00ednimo, least tern, Sternula antillarum. Ave marina de peque\u00f1o tama\u00f1o, de hecho la menor del g\u00e9nero de los charranes, Sternula. Se trata de un ave migratoria que cr\u00eda en Am\u00e9rica del Norte y Norte de M\u00e9xico para trasladarse luego a Am\u00e9rica Central y mitad norte de Am\u00e9rica del Sur. Este ave anida en las playas arenosas, por lo que se ve muy afectada por la presencia humana en las mismas por encontrarse estas cerca de poblaciones o por su uso tur\u00edstico. No hacen nidos como tal, sino que ponen sus huevos y los incuban en la arena, formando colonias que pueden ser desde 20 parejas hasta 500. El periodo de incubaci\u00f3n es de unos 20 d\u00edas, y la especie es nid\u00edfuga; es decir, las cr\u00edas abandonan el nido en este caso un par de d\u00edas tras nacer. Los padres siguen atentos a ellas y las alimentar\u00e1n, y ense\u00f1ar\u00e1n a volar, y a pescar durante unos 25 d\u00edas m\u00e1s hasta que abandonen el \u00e1rea para ir al mar. La especie se encuentra clasificada globalmente (UICN) como de preocupaci\u00f3n menor, es decir sin ning\u00fan grado de amenaza a su conservaci\u00f3n. Sin embargo y a modo local, en M\u00e9xico, se encuentra clasificada como especie protegida por la NOM-059-SEMARNAT 2010. Es una especie muy sensible a la presencia humana, pues su comportamiento de defensa del nido consiste en levantar el vuelo dejando los huevos sin protecci\u00f3n con el fin de \u00abatacar\u00bb y sobrevolar al animal o persona que haya penetrado en el \u00e1rea ocupada por la colonia, hasta conseguir ahuyentarle. Sus ataques consisten en vuelos continuos muy cerca del intruso vociferando y defecando sobre \u00e9l. Este comportamiento es grupal o solidario, de modo que el intruso se ver\u00e1 atacado por varios adultos de la zona al tiempo. El problema con las personas es que si estas accedieron a la zona y no reconocen este comportamiento, no saldr\u00e1n de ella y con el tiempo los huevos sin vigilancia y protecci\u00f3n pueden verse afectados por la insolaci\u00f3n y\/o el ataque de otros depredadores. Por otra parte si las aves se ven amenazadas por largo tiempo o en repetidas ocasiones, pueden abandonar la zona y con ello los huevos que hubiesen puesto ya. Por eso es importante que los visitantes de estas playas en las que anidan esta y otras especies similares, conozcan estos comportamientos y situaciones y podamos evitar que toda una temporada de anidaci\u00f3n local se arruine, con el peligro que esto conlleva para la conservaci\u00f3n de la especie. Nuestro trabajo con esta especie consiste en (trabajando siempre en sinton\u00eda con las autoridades locales y con las autorizaciones previas necesarias) la divulgaci\u00f3n a la poblaci\u00f3n local durante todo el a\u00f1o, y una vez que comienza la temporada de anidaci\u00f3n, el reconocimiento de las zonas que van eligiendo para anidar, la delimitaci\u00f3n y marcado de estas zonas para su protecci\u00f3n, y el monitoreo de los adultos, nidos, cr\u00edas, (incluyendo la identificaci\u00f3n y anillado de ejemplares) y el seguimiento de todo el proceso hasta que los individuos han crecido lo suficiente y finalmente marchan hasta la siguiente temporada.<\/p>\n","protected":false},"author":2,"featured_media":0,"parent":0,"menu_order":0,"comment_status":"closed","ping_status":"closed","template":"","meta":{"footnotes":""},"class_list":["post-242","page","type-page","status-publish","hentry"],"jetpack_sharing_enabled":true,"_links":{"self":[{"href":"https:\/\/organizacionsycoma.org\/index.php?rest_route=\/wp\/v2\/pages\/242","targetHints":{"allow":["GET"]}}],"collection":[{"href":"https:\/\/organizacionsycoma.org\/index.php?rest_route=\/wp\/v2\/pages"}],"about":[{"href":"https:\/\/organizacionsycoma.org\/index.php?rest_route=\/wp\/v2\/types\/page"}],"author":[{"embeddable":true,"href":"https:\/\/organizacionsycoma.org\/index.php?rest_route=\/wp\/v2\/users\/2"}],"replies":[{"embeddable":true,"href":"https:\/\/organizacionsycoma.org\/index.php?rest_route=%2Fwp%2Fv2%2Fcomments&post=242"}],"version-history":[{"count":5,"href":"https:\/\/organizacionsycoma.org\/index.php?rest_route=\/wp\/v2\/pages\/242\/revisions"}],"predecessor-version":[{"id":260,"href":"https:\/\/organizacionsycoma.org\/index.php?rest_route=\/wp\/v2\/pages\/242\/revisions\/260"}],"wp:attachment":[{"href":"https:\/\/organizacionsycoma.org\/index.php?rest_route=%2Fwp%2Fv2%2Fmedia&parent=242"}],"curies":[{"name":"wp","href":"https:\/\/api.w.org\/{rel}","templated":true}]}}

<figure class="wp-block-image size-large"><img loading="lazy" decoding="async" width="1024" height="413" src="https://organizacionsycoma.org/wp-content/uploads/2025/06/BCS24045-min-1024x413.jpg" alt="sycoma_charran" class="wp-image-243" srcset="https://organizacionsycoma.org/wp-content/uploads/2025/06/BCS24045-min-1024x413.jpg 1024w, https://organizacionsycoma.org/wp-content/uploads/2025/06/BCS24045-min-300x121.jpg 300w, https://organizacionsycoma.org/wp-content/uploads/2025/06/BCS24045-min-768x310.jpg 768w, https://organizacionsycoma.org/wp-content/uploads/2025/06/BCS24045-min-1536x619.jpg 1536w, https://organizacionsycoma.org/wp-content/uploads/2025/06/BCS24045-min-1140x459.jpg 1140w, https://organizacionsycoma.org/wp-content/uploads/2025/06/BCS24045-min.jpg 2000w" sizes="auto, (max-width: 1024px) 100vw, 1024px" /></figure>



<p><strong><mark style="background-color:rgba(0, 0, 0, 0)" class="has-inline-color has-black-color">Gallito marino, charrán mínimo, least tern, <em>Sternula antillarum</em></mark></strong>.</p>



<p>Ave marina de pequeño tamaño, de hecho la menor del género de los charranes, Sternula. Se trata de un <strong>ave migratoria</strong> que cría en América del Norte y Norte de México para trasladarse luego a América Central y mitad norte de América del Sur.</p>



<p>Este ave <strong>anida en las playas arenosas</strong>, por lo que se ve <strong>muy afectada por la presencia humana en las mismas por encontrarse estas cerca de poblaciones o por su uso turístico</strong>. No hacen nidos como tal, sino que ponen sus huevos y los incuban en la arena, formando colonias que pueden ser desde 20 parejas hasta 500. El periodo de incubación es de unos 20 días, y la especie es nidífuga; es decir, las crías abandonan el nido en este caso un par de días tras nacer. Los padres siguen atentos a ellas y las alimentarán, y enseñarán a volar, y a pescar durante unos 25 días más hasta que abandonen el área para ir al mar.</p>



<p>La especie se encuentra clasificada globalmente (UICN) como de preocupación menor, es decir sin ningún grado de amenaza a su conservación. Sin embargo y a modo local, <strong>en México, se encuentra clasificada como especie protegida</strong> por la NOM-059-SEMARNAT 2010.</p>



<figure class="wp-block-image size-large"><img loading="lazy" decoding="async" width="1024" height="625" src="https://organizacionsycoma.org/wp-content/uploads/2025/06/SYCOMA-gallito-ficha-1024x625.jpg" alt="sycoma-gallito-ficha" class="wp-image-244" srcset="https://organizacionsycoma.org/wp-content/uploads/2025/06/SYCOMA-gallito-ficha-1024x625.jpg 1024w, https://organizacionsycoma.org/wp-content/uploads/2025/06/SYCOMA-gallito-ficha-300x183.jpg 300w, https://organizacionsycoma.org/wp-content/uploads/2025/06/SYCOMA-gallito-ficha-768x468.jpg 768w, https://organizacionsycoma.org/wp-content/uploads/2025/06/SYCOMA-gallito-ficha-1140x695.jpg 1140w, https://organizacionsycoma.org/wp-content/uploads/2025/06/SYCOMA-gallito-ficha.jpg 1400w" sizes="auto, (max-width: 1024px) 100vw, 1024px" /><figcaption class="wp-element-caption">©Ignacio Leal Orozco, all rights reserved</figcaption></figure>



<p>Es una especie <strong>muy sensible a la presencia humana</strong>, pues su comportamiento de defensa del nido consiste en levantar el vuelo dejando los huevos sin protección con el fin de «atacar» y sobrevolar al animal o persona que haya penetrado en el área ocupada por la colonia, hasta conseguir ahuyentarle. Sus ataques consisten en vuelos continuos muy cerca del intruso vociferando y defecando sobre él. Este comportamiento es grupal o solidario, de modo que el intruso se verá atacado por varios adultos de la zona al tiempo. El problema con las personas es que si estas accedieron a la zona y no reconocen este comportamiento, no saldrán de ella y con el tiempo los huevos sin vigilancia y protección pueden verse afectados por la insolación y/o el ataque de otros depredadores. Por otra parte si las aves se ven amenazadas por largo tiempo o en repetidas ocasiones, pueden abandonar la zona y con ello los huevos que hubiesen puesto ya.</p>



<p><strong>Por eso es importante que los visitantes de estas playas en las que anidan esta y otras especies similares, conozcan estos comportamientos y situaciones y podamos evitar que toda una temporada de anidación local se arruine, con el peligro que esto conlleva para la conservación de la especie.</strong></p>



<p>Nuestro trabajo con esta especie consiste en (trabajando siempre en sintonía con las autoridades locales y con las autorizaciones previas necesarias) <strong>la divulgación</strong> a la población local durante todo el año, y una vez que comienza la temporada de anidación, el reconocimiento de las zonas que van eligiendo para anidar, la <strong>delimitación y marcado de estas zonas</strong> para su protección, y el <strong>monitoreo</strong> de los adultos, nidos, crías, (incluyendo la <strong>identificación y anillado de ejemplares</strong>) y el seguimiento de todo el proceso hasta que los individuos han crecido lo suficiente y finalmente marchan hasta la siguiente temporada.</p>



<p></p>

<p>Gallito marino, charrán mínimo, least tern, Sternula antillarum. Ave marina de pequeño tamaño, de hecho la menor del género de los charranes, Sternula. Se trata de un ave migratoria que cría en América del Norte y Norte de México para trasladarse luego a América Central y mitad norte de América del Sur. Este ave anida en las playas arenosas, por lo que se ve muy afectada por la presencia humana en las mismas por encontrarse estas cerca de poblaciones o por su uso turístico. No hacen nidos como tal, sino que ponen sus huevos y los incuban en la arena, formando colonias que pueden ser desde 20 parejas hasta 500. El periodo de incubación es de unos 20 días, y la especie es nidífuga; es decir, las crías abandonan el nido en este caso un par de días tras nacer. Los padres siguen atentos a ellas y las alimentarán, y enseñarán a volar, y a pescar durante unos 25 días más hasta que abandonen el área para ir al mar. La especie se encuentra clasificada globalmente (UICN) como de preocupación menor, es decir sin ningún grado de amenaza a su conservación. Sin embargo y a modo local, en México, se encuentra clasificada como especie protegida por la NOM-059-SEMARNAT 2010. Es una especie muy sensible a la presencia humana, pues su comportamiento de defensa del nido consiste en levantar el vuelo dejando los huevos sin protección con el fin de «atacar» y sobrevolar al animal o persona que haya penetrado en el área ocupada por la colonia, hasta conseguir ahuyentarle. Sus ataques consisten en vuelos continuos muy cerca del intruso vociferando y defecando sobre él. Este comportamiento es grupal o solidario, de modo que el intruso se verá atacado por varios adultos de la zona al tiempo. El problema con las personas es que si estas accedieron a la zona y no reconocen este comportamiento, no saldrán de ella y con el tiempo los huevos sin vigilancia y protección pueden verse afectados por la insolación y/o el ataque de otros depredadores. Por otra parte si las aves se ven amenazadas por largo tiempo o en repetidas ocasiones, pueden abandonar la zona y con ello los huevos que hubiesen puesto ya. Por eso es importante que los visitantes de estas playas en las que anidan esta y otras especies similares, conozcan estos comportamientos y situaciones y podamos evitar que toda una temporada de anidación local se arruine, con el peligro que esto conlleva para la conservación de la especie. Nuestro trabajo con esta especie consiste en (trabajando siempre en sintonía con las autoridades locales y con las autorizaciones previas necesarias) la divulgación a la población local durante todo el año, y una vez que comienza la temporada de anidación, el reconocimiento de las zonas que van eligiendo para anidar, la delimitación y marcado de estas zonas para su protección, y el monitoreo de los adultos, nidos, crías, (incluyendo la identificación y anillado de ejemplares) y el seguimiento de todo el proceso hasta que los individuos han crecido lo suficiente y finalmente marchan hasta la siguiente temporada.</p>
